5 + 11853?
1166a
In base 14, what is -409 + 108bd2?
1087c7
In base 16, what is 0 + -2aa3fd?
-2aa3fd
In base 4, what is -12213102110232 + -10?
-12213102110302
In base 6, what is 4 + -532012200?
-532012152
In base 2, what is -100 - -110000011011001000110110101?
110000011011001000110110001
In base 5, what is 33123 + 1010140?
1043313
In base 9, what is -1648 + 1417536?
1415777
In base 15, what is -364e + -23c4?
-5a23
In base 8, what is 121301555 + 0?
121301555
In base 5, what is -131412042 + 33?
-131412004
In base 15, what is -394a8 + -5?
-394ad
In base 3, what is 10 - 120202202020021221?
-120202202020021211
In base 15, what is 2b + 15127?
15153
In base 5, what is 1201310041 - -3?
1201310044
In base 14, what is -5 - -23803?
237dc
In base 5, what is -1301 + 1323422?
1322121
In base 10, what is -324 + -255232?
-255556
In base 10, what is 3 - 1553614?
-1553611
In base 13, what is -31c843c5c + -2?
-31c843c61
In base 12, what is b67538 - 1?
b67537
In base 11, what is 13 - -943525?
943538
In base 9, what is 37 - 585522?
-585474
In base 3, what is 21 - 2220100100201?
-2220100100110
In base 12, what is 1865ab67 + -2?
1865ab65
In base 9, what is -1 - -887042?
887041
In base 4, what is -20 - 20320303102?
-20320303122
In base 6, what is 540 - -34534555?
34535535
In base 11, what is a0 - -560a7?
56197
In base 3, what is -10111 - -102011210111?
102011200000
In base 6, what is -2532042 + -1143?
-2533225
In base 11, what is 1864532 + 26?
1864558
In base 5, what is -102 + -43240004224?
-43240004331
In base 8, what is 15102703 - -3?
15102706
In base 11, what is 36778 - 200?
36578
In base 10, what is 229 - -255489?
255718
In base 15, what is 5d + -5be71?
-5be13
In base 4, what is 2121113001213 - -2?
2121113001221
In base 14, what is 8a8d30 + 5?
8a8d35
In base 5, what is -4 - 444412212?
-444412221
In base 16, what is 4 + 811b0e?
811b12
In base 2, what is 101010110101 + 101010110000111?
110000000111100
In base 16, what is -13f6877 - 5?
-13f687c
In base 8, what is -20104 - -7345?
-10537
In base 16, what is -216 - -759fe?
757e8
In base 6, what is -13232 + 153440?
140204
In base 10, what is 321289898 + 4?
321289902
In base 8, what is 116060 + -6257?
107601
In base 6, what is 2 + -51510002?
-51510000
In base 2, what is 100101111011 - -101111000101111?
110011110101010
In base 7, what is -23212223 + -216?
-23212442
In base 4, what is -211311001200011 + 2?
-211311001200003
In base 16, what is 7118 + -43b?
6cdd
In base 12, what is 4695 - 52a?
4167
In base 14, what is 3 + -481271?
-48126c
In base 14, what is 6c6a7 - 1?
6c6a6
In base 11, what is -46370 + -150a?
-4787a
In base 2, what is -1100111100010010 - 1010000010100?
-1110001100100110
In base 8, what is -22175 - -157114?
134717
In base 9, what is -40751566 - 3?
-40751570
In base 12, what is -2522a5 + 253?
-252052
In base 5, what is -31410 - -4240?
-22120
In base 15, what is -2 - -52a485?
52a483
In base 12, what is -10 - -17b8b1?
17b8a1
In base 9, what is 367268 + 38?
367317
In base 15, what is 12046e - 619?
11ed55
In base 2, what is -1000101111010011001000 - 100101?
-1000101111010011101101
In base 13, what is 20c74 + 469?
21410
In base 6, what is -111451 + 50403?
-21044
In base 8, what is 3016 + 21644?
24662
In base 11, what is -6826a9a + -2?
-6826aa1
In base 14, what is -3 + 827c3?
827c0
In base 5, what is -32313012244 - 4?
-32313012303
In base 9, what is -3 + 72172116?
72172113
In base 16, what is 58ba4b - 3?
58ba48
In base 14, what is -4 + -160756?
-16075a
In base 5, what is -30222430 + 1404?
-30221021
In base 9, what is 6725 + 284?
7120
In base 12, what is 784 + -1398b?
-13207
In base 7, what is 16643604601 - 4?
16643604564
In base 14, what is 306954 - -19?
30696d
In base 4, what is 330221220100 - -30?
330221220130
In base 2, what is -11011010001000001011010 - -10100?
-11011010001000001000110
In base 4, what is 0 - -2003112001?
2003112001
In base 13, what is 0 + -699b11a?
-699b11a
In base 2, what is 100 - -11001010001000100000001000?
11001010001000100000001100
In base 6, what is -55 - 304220035?
-304220134
In base 11, what is 43 + -68312?
-6827a
In base 12, what is -a2042bb7 - -3?
-a2042bb4
In base 14, what is 38289a - 2d?
38286b
In base 2, what is 1011110010 + 1101111000100011?
1110000100010101
In base 8, what is -1722 - -1260660?
1256736
In base 8, what is -5 + -6257361?
-6257366
In base 12, what is -2a9274 + -2a?
-2a92a2
In base 12, what is -3207a033 - 1?
-3207a034
In base 10, what is -3742830 + -73?
-3742903
In base 6, what is 24523320 - 2324?
24520552
In base 10, what is 2029 - 833?
1196
In base 15, what is 1817aeb + -5?
1817ae6
In base 8, what is -5 + -1534412763?
-1534412770
In base 2, what is -11010110101 - -101010110111101?
100111100001000
In base 16, what is 9 + -faa37a?
-faa371
In base 7, what is 136404 - -42?
136446
In base 4, what is -2 + -2130110002333?
-2130110003001
In base 7, what is 321360 + -6466?
311561
In base 6, what is 2 - 14203345324?
-14203345322
In base 5, what is -10 + 123233411414?
123233411404
In base 7, what is -1420122 - 224?
-1420346
In base 6, what is -151 + -4353415?
-4354010
In base 9, what is -55575 + 2134?
-53441
In base 8, what is 43340306 + -43?
43340243
In base 10, what is 22 + -10833067?
-10833045
In base 15, what is -8a48772 - 1?
-8a48773
In base 3, what is -100010 + -1200002111?
-1200102121
In base 8, what is 172334 - -143?
172477
In base 16, what is -3ec68 - -64?
-3ec04
In base 8, what is -5767 - 27751?
-35740
In base 4, what is 231033030333 - -10?
231033031003
In base 13, what is 1 + 2547055?
2547056
In base 10, what is 1174042 + -3?
1174039
In base 12, what is -35a88 - 32?
-35aba
In base 13, what is -1626 + -106c?
-2695
In base 2, what is 11000 - -1100110101010001001?
1100110101010100001
In base 16, what is -f4 - 1eaf1?
-1ebe5
In base 4, what is 12222102121 - 12?
12222102103
In base 14, what is -38808 + 0?
-38808
In base 6, what is 5413 + -1322?
4051
In base 8, what is 11615 + -3520?
6075
In base 14, what is -13138 + 16?
-13122
In base 6, what is 10 + -10103444?
-10103434
In base 14, what is 5 - 4b996?
-4b991
In base 15, what is 1ea529 + 3?
1ea52c
In base 2, what is -101010001000010111 + -11011?
-101010001000110010
In base 9, what is -63 + -14187733?
-14187806
In base 6, what is 13110 + -21111?
-4001
In base 3, what is -100200210 - 1201?
-100202111
In base 12, what is 109baba + 5?
109bb03
In base 4, what is 22310031002022 - -10?
22310031002032
In base 3, what is -210102000110 - -10121?
-210101212212
In base 16, what is -2 - 11cfd6e?
-11cfd70
In base 6, what is 24 + -3052434?
-3052410
In base 12, what is -319b55 + -292?
-31a227
In base 16, what is -d926 - -16e?
-d7b8
In base 2, what is 1100111 + 1100101001110001011?
1100101001111110010
In base 6, what is 21103 - 4514?
12145
In base 15, what is -2b9c + 6e27?
427a
In base 16, what is -51681 + -79?
-516fa
In base 2, what is -101111101110000 - -1100110110?
-101110000111010
In base 4, what is -111231 + 11212300?
11101003
In base 16, what is 35f84f + -7?
35f848
In base 6, what is -1513343213 - -2?
-1513343211
In base 9, what is -13 - -4788646?
4788633
In base 16, what is -39 + -1bd5?
-1c0e
In base 14, what is 3 + -465801?
-4657dc
In base 12, what is -172820 + 6?
-172816
In base 6, what is -435025012 + 1?
-435025011
In base 15, what is -34b8 + -5d48?
-9311
In base 2, what is 11011101000 - 10001100111101?
-1110001010101
In base 7, what is -2252145106 + -12?
-2252145121
In base 15, what is d9da + e2?
dacc
In base 11, what is 11412929 - 0?
11412929
In base 10, what is 4 - 4703014?
-4703010
In base 6, what is 2002102452 + -1?
2002102451
In base 7, what is -655065 + -122?
-655220
In base 7, what is -6155 - -464?
-5361
In base 7, what is -16 + 132350365?
132350346
In base 3, what is 2112102010 - -100000021?
2212102101
In base 10, what is -11 + -89361?
-89372
In base 14, what is 9787541 + 4?
9787545
In base 9, what is 114272 + 88?
114371
In base 12, what is a - ba187?
-ba179
In base 8, what is 6462716 + -1?
6462715
In base 2, what is 101 - 10010111001000101001010?
-10010111001000101000101
In base 4, what is 31002 + -130120?
-33112
In base 8, what is -103560301 + 17?
-103560262
In base 11, what is -3 - 162152?
-162155
In base 15, what is 82022 - 2?
82020
In base 6, what is -1005303 - -12113?
-553150
In base 16, what is 2 - 401729?
-40